{"id":2891,"date":"2021-10-11T22:13:46","date_gmt":"2021-10-12T03:13:46","guid":{"rendered":"http:\/\/web.undar.edu.pe\/?page_id=2891"},"modified":"2025-04-01T09:39:29","modified_gmt":"2025-04-01T14:39:29","slug":"academico-direccion-de-responsabilidad-social-universitaria-y-extension-cultural-inicio","status":"publish","type":"page","link":"http:\/\/www.undar.edu.pe\/index.php\/academico-direccion-de-responsabilidad-social-universitaria-y-extension-cultural-inicio\/","title":{"rendered":"ACAD\u00c9MICO &#8211; DIRECCI\u00d3N DE RESPONSABILIDAD UNIVERSITARIA SOCIAL Y EXTENSI\u00d3N CULTURAL &#8211; INICIO"},"content":{"rendered":"\t\t<div data-elementor-type=\"wp-page\" data-elementor-id=\"2891\" class=\"elementor elementor-2891\" data-elementor-post-type=\"page\">\n\t\t\t\t\t\t<section class=\"elementor-section elementor-top-section elementor-element elementor-element-6903bf58 elementor-section-full_width elementor-section-content-space-between elementor-section-height-default elementor-section-height-default\" data-id=\"6903bf58\" data-element_type=\"section\">\n\t\t\t\t\t\t<div class=\"elementor-container elementor-column-gap-no\">\n\t\t\t\t\t<div class=\"elementor-column elementor-col-100 elementor-top-column elementor-element elementor-element-7f90bdfe\" data-id=\"7f90bdfe\" data-element_type=\"column\">\n\t\t\t<div class=\"elementor-widget-wrap elementor-element-populated\">\n\t\t\t\t\t\t<div class=\"elementor-element elementor-element-393cfe21 elementor-widget__width-inherit elementor--h-position-center elementor--v-position-middle elementor-arrows-position-inside elementor-widget elementor-widget-slides\" data-id=\"393cfe21\" data-element_type=\"widget\" data-settings=\"{&quot;navigation&quot;:&quot;arrows&quot;,&quot;motion_fx_motion_fx_scrolling&quot;:&quot;yes&quot;,&quot;autoplay&quot;:&quot;yes&quot;,&quot;pause_on_hover&quot;:&quot;yes&quot;,&quot;pause_on_interaction&quot;:&quot;yes&quot;,&quot;autoplay_speed&quot;:5000,&quot;infinite&quot;:&quot;yes&quot;,&quot;transition&quot;:&quot;slide&quot;,&quot;transition_speed&quot;:500,&quot;motion_fx_devices&quot;:[&quot;desktop&quot;,&quot;tablet&quot;,&quot;mobile&quot;]}\" data-widget_type=\"slides.default\">\n\t\t\t\t<div class=\"elementor-widget-container\">\n\t\t\t\t\t<div class=\"elementor-swiper\">\n\t\t\t<div class=\"elementor-slides-wrapper elementor-main-swiper swiper\" dir=\"ltr\" data-animation=\"fadeInUp\">\n\t\t\t\t<div class=\"swiper-wrapper elementor-slides\">\n\t\t\t\t\t\t\t\t\t\t<div class=\"elementor-repeater-item-378399b swiper-slide\"><div class=\"swiper-slide-bg\" role=\"img\"><\/div><div class=\"elementor-background-overlay\"><\/div><div class=\"swiper-slide-inner\" ><div class=\"swiper-slide-contents\"><div class=\"elementor-slide-heading\">DIRECCI\u00d3N DE RESPONSABILIDAD SOCIAL <br> UNIVERSITARIA  Y EXTENSI\u00d3N CULTURAL<\/div><\/div><\/div><\/div><div class=\"elementor-repeater-item-20273a4 swiper-slide\"><div class=\"swiper-slide-bg\" role=\"img\"><\/div><div class=\"elementor-background-overlay\"><\/div><div class=\"swiper-slide-inner\" ><div class=\"swiper-slide-contents\"><div class=\"elementor-slide-heading\">DIRECCI\u00d3N DE RESPONSABILIDAD SOCIAL <br> UNIVERSITARIA  Y EXTENSI\u00d3N CULTURAL<\/div><\/div><\/div><\/div>\t\t\t\t<\/div>\n\t\t\t\t\t\t\t\t\t\t\t\t\t\t\t\t\t\t\t\t<div class=\"elementor-swiper-button elementor-swiper-button-prev\" role=\"button\" tabindex=\"0\">\n\t\t\t\t\t\t\t<i aria-hidden=\"true\" class=\"eicon-chevron-left\"><\/i>\t\t\t\t\t\t\t<span class=\"elementor-screen-only\">Diapositiva anterior<\/span>\n\t\t\t\t\t\t<\/div>\n\t\t\t\t\t\t<div class=\"elementor-swiper-button elementor-swiper-button-next\" role=\"button\" tabindex=\"0\">\n\t\t\t\t\t\t\t<i aria-hidden=\"true\" class=\"eicon-chevron-right\"><\/i>\t\t\t\t\t\t\t<span class=\"elementor-screen-only\">Diapositiva siguiente<\/span>\n\t\t\t\t\t\t<\/div>\n\t\t\t\t\t\t\t\t\t\t\t\t<\/div>\n\t\t<\/div>\n\t\t\t\t<\/div>\n\t\t\t\t<\/div>\n\t\t\t\t\t<\/div>\n\t\t<\/div>\n\t\t\t\t\t<\/div>\n\t\t<\/section>\n\t\t\t\t<section class=\"elementor-section elementor-top-section elementor-element elementor-element-190ca225 elementor-section-boxed elementor-section-height-default elementor-section-height-default\" data-id=\"190ca225\" data-element_type=\"section\" data-settings=\"{&quot;background_background&quot;:&quot;classic&quot;}\">\n\t\t\t\t\t\t<div class=\"elementor-container elementor-column-gap-default\">\n\t\t\t\t\t<div class=\"elementor-column elementor-col-100 elementor-top-column elementor-element elementor-element-1f88dc6e\" data-id=\"1f88dc6e\" data-element_type=\"column\">\n\t\t\t<div class=\"elementor-widget-wrap elementor-element-populated\">\n\t\t\t\t\t\t<div class=\"elementor-element elementor-element-4b07692 elementor-nav-menu__align-start elementor-nav-menu--dropdown-tablet elementor-nav-menu__text-align-aside elementor-nav-menu--toggle elementor-nav-menu--burger elementor-widget elementor-widget-nav-menu\" data-id=\"4b07692\" data-element_type=\"widget\" data-settings=\"{&quot;layout&quot;:&quot;horizontal&quot;,&quot;submenu_icon&quot;:{&quot;value&quot;:&quot;&lt;i class=\\&quot;fas fa-caret-down\\&quot;&gt;&lt;\\\/i&gt;&quot;,&quot;library&quot;:&quot;fa-solid&quot;},&quot;toggle&quot;:&quot;burger&quot;}\" data-widget_type=\"nav-menu.default\">\n\t\t\t\t<div class=\"elementor-widget-container\">\n\t\t\t\t\t\t<nav aria-label=\"Men\u00fa\" class=\"elementor-nav-menu--main elementor-nav-menu__container elementor-nav-menu--layout-horizontal e--pointer-underline e--animation-fade\">\n\t\t\t\t<ul id=\"menu-1-4b07692\" class=\"elementor-nav-menu\"><li class=\"menu-item menu-item-type-custom menu-item-object-custom menu-item-2893\"><a href=\"https:\/\/www.undar.edu.pe\/index.php\/academico-direccion-de-responsabilidad-social-universitaria-y-extension-cultural-inicio\/\" class=\"elementor-item\">Inicio<\/a><\/li>\n<li class=\"menu-item menu-item-type-post_type menu-item-object-page menu-item-63199\"><a href=\"http:\/\/www.undar.edu.pe\/index.php\/academico-direccion-de-responsabilidad-social-y-extension-cultural-proyectos-2025\/\" class=\"elementor-item\">Proyectos<\/a><\/li>\n<\/ul>\t\t\t<\/nav>\n\t\t\t\t\t<div class=\"elementor-menu-toggle\" role=\"button\" tabindex=\"0\" aria-label=\"Alternar men\u00fa\" aria-expanded=\"false\">\n\t\t\t<i aria-hidden=\"true\" role=\"presentation\" class=\"elementor-menu-toggle__icon--open eicon-menu-bar\"><\/i><i aria-hidden=\"true\" role=\"presentation\" class=\"elementor-menu-toggle__icon--close eicon-close\"><\/i>\t\t\t<span class=\"elementor-screen-only\">Men\u00fa<\/span>\n\t\t<\/div>\n\t\t\t\t\t<nav class=\"elementor-nav-menu--dropdown elementor-nav-menu__container\" aria-hidden=\"true\">\n\t\t\t\t<ul id=\"menu-2-4b07692\" class=\"elementor-nav-menu\"><li class=\"menu-item menu-item-type-custom menu-item-object-custom menu-item-2893\"><a href=\"https:\/\/www.undar.edu.pe\/index.php\/academico-direccion-de-responsabilidad-social-universitaria-y-extension-cultural-inicio\/\" class=\"elementor-item\" tabindex=\"-1\">Inicio<\/a><\/li>\n<li class=\"menu-item menu-item-type-post_type menu-item-object-page menu-item-63199\"><a href=\"http:\/\/www.undar.edu.pe\/index.php\/academico-direccion-de-responsabilidad-social-y-extension-cultural-proyectos-2025\/\" class=\"elementor-item\" tabindex=\"-1\">Proyectos<\/a><\/li>\n<\/ul>\t\t\t<\/nav>\n\t\t\t\t<\/div>\n\t\t\t\t<\/div>\n\t\t\t\t\t<\/div>\n\t\t<\/div>\n\t\t\t\t\t<\/div>\n\t\t<\/section>\n\t\t\t\t<section class=\"elementor-section elementor-top-section elementor-element elementor-element-88bb354 elementor-section-boxed elementor-section-height-default elementor-section-height-default\" data-id=\"88bb354\" data-element_type=\"section\">\n\t\t\t\t\t\t<div class=\"elementor-container elementor-column-gap-default\">\n\t\t\t\t\t<div class=\"elementor-column elementor-col-100 elementor-top-column elementor-element elementor-element-df01b24\" data-id=\"df01b24\" data-element_type=\"column\">\n\t\t\t<div class=\"elementor-widget-wrap elementor-element-populated\">\n\t\t\t\t\t\t<div class=\"elementor-element elementor-element-672c626 elementor-widget elementor-widget-heading\" data-id=\"672c626\" data-element_type=\"widget\" data-widget_type=\"heading.default\">\n\t\t\t\t<div class=\"elementor-widget-container\">\n\t\t\t<h6 class=\"elementor-heading-title elementor-size-small\"><b>Universidad Nacional Daniel Alom\u00eda Robles<\/b> - Acad\u00e9mico - Direcci\u00f3n de Responsabilidad Social y Extensi\u00f3n Cultural - Inicio<\/h6>\t\t<\/div>\n\t\t\t\t<\/div>\n\t\t\t\t\t<\/div>\n\t\t<\/div>\n\t\t\t\t\t<\/div>\n\t\t<\/section>\n\t\t\t\t<section class=\"elementor-section elementor-top-section elementor-element elementor-element-97505e1 elementor-section-boxed elementor-section-height-default elementor-section-height-default\" data-id=\"97505e1\" data-element_type=\"section\">\n\t\t\t\t\t\t<div class=\"elementor-container elementor-column-gap-default\">\n\t\t\t\t\t<div class=\"elementor-column elementor-col-50 elementor-top-column elementor-element elementor-element-e582582\" data-id=\"e582582\" data-element_type=\"column\">\n\t\t\t<div class=\"elementor-widget-wrap elementor-element-populated\">\n\t\t\t\t\t\t<div class=\"elementor-element elementor-element-2255130 elementor-widget elementor-widget-text-editor\" data-id=\"2255130\" data-element_type=\"widget\" data-widget_type=\"text-editor.default\">\n\t\t\t\t<div class=\"elementor-widget-container\">\n\t\t\t\t\t\t\t<p style=\"text-align: justify;\">La\u00a0<span style=\"font-weight: bolder;\"><span style=\"color: #b3224e;\">Direcci\u00f3n de Responsabilidad Social Universitaria<\/span><\/span>\u00a0es un \u00f3rgano de l\u00ednea de la Undar dependiente del\u00a0<span style=\"color: #b3224e;\"><span style=\"font-weight: bolder;\">Vicerrectorado Acad\u00e9mico<\/span><\/span>, encargada de hacer funcionar la Responsabilidad Social Universitaria, que es la pol\u00edtica de gesti\u00f3n de la calidad \u00e9tica de la Universidad y busca alinear sus cuatro procesos\u00a0<span style=\"font-weight: bolder;\"><span style=\"color: #b3224e;\">(gesti\u00f3n, formaci\u00f3n, investigaci\u00f3n y extensi\u00f3n)<\/span><\/span>\u00a0con la misi\u00f3n universitaria, sus valores y compromiso social.<\/p><h5><span style=\"color: #b3224e;\"><strong>OBJETIVOS<\/strong><\/span><\/h5><p>Los objetivos de la\u00a0<span style=\"background-color: transparent; font-size: 16px; font-weight: bolder;\"><span style=\"color: #b3224e;\">Direcci\u00f3n de Responsabilidad Social Universitaria<\/span><\/span><span style=\"background-color: transparent; font-size: 16px;\">\u00a0son los siguientes:<\/span><\/p><ul><li>Promover la \u00e9tica y buen gobierno institucional.<\/li><li>Implementar una gesti\u00f3n social, ecoeficiente y medioambientalmente responsable.<\/li><li>Incluir el enfoque de Responsabilidad Social Universitaria en el conjunto de la actividad acad\u00e9mica.<\/li><li>Promover el enfoque de Responsabilidad Social Universitaria en las investigaciones.<\/li><li>Desarrollar mecanismos de vinculaci\u00f3n eficaces de la universidad con m\u00faltiples actores sociales, impulsando una proyecci\u00f3n social y extensi\u00f3n universitaria sostenible en el campo del arte y la cultura.<\/li><\/ul><p>Los objetivos de la Responsabilidad Social Universitaria se materializan en la Formaci\u00f3n Profesional, en la Investigaci\u00f3n, en la Gesti\u00f3n Institucional y en la Proyecci\u00f3n Social y Extensi\u00f3n Universitaria, teniendo como marco de desarrollo y acci\u00f3n prioritaria nuestra regi\u00f3n.<\/p><h5><span style=\"color: #b3224e;\"><strong>ENFOQUES<\/strong><\/span><\/h5><p>Los enfoques de la <span style=\"background-color: transparent; font-size: 16px; font-weight: bolder;\"><span style=\"color: #b3224e;\">Direcci\u00f3n de Responsabilidad Social Universitaria<\/span><\/span><span style=\"background-color: transparent; font-size: 16px;\">\u00a0son los siguientes:<\/span><\/p><ul><li>Gestri\u00f3n Institucional (\u00c9tica, gesti\u00f3n ecoeficiente y ambientalmente responsable y desarrollo personal y profesional).<\/li><li>Formaci\u00f3n Profesional y Ciudadana.<\/li><li>Investigaci\u00f3n.<\/li><li>Participaci\u00f3n de la Universidad en la Sociedad (Ejes de Proyecci\u00f3n Social, Extensi\u00f3n Cultural, Gesti\u00f3n Ambiental y Servicio Social Universitario).<\/li><\/ul><p>Los resultados de la investigaci\u00f3n permitir\u00e1n desarrollar impactos en la sociedad a trav\u00e9s de un alto compromiso social y por descubrir y dar respuesta a los problemas sociales del pais.<\/p>\t\t\t\t\t\t<\/div>\n\t\t\t\t<\/div>\n\t\t\t\t\t<\/div>\n\t\t<\/div>\n\t\t\t\t<div class=\"elementor-column elementor-col-50 elementor-top-column elementor-element elementor-element-bed0def\" data-id=\"bed0def\" data-element_type=\"column\">\n\t\t\t<div class=\"elementor-widget-wrap elementor-element-populated\">\n\t\t\t\t\t\t<div class=\"elementor-element elementor-element-fb48f2c elementor-widget elementor-widget-image\" data-id=\"fb48f2c\" data-element_type=\"widget\" data-widget_type=\"image.default\">\n\t\t\t\t<div class=\"elementor-widget-container\">\n\t\t\t\t\t\t\t\t\t\t\t\t\t<img fetchpriority=\"high\" decoding=\"async\" width=\"800\" height=\"534\" src=\"http:\/\/www.undar.edu.pe\/wp-content\/uploads\/2022\/02\/direccion-de-responsabilidad-social-y-extension-cultural_web-1024x683.jpg\" class=\"attachment-large size-large wp-image-14544\" alt=\"Foto (en cenital) de manos unidas, simbolizando trabajo en equipo\" srcset=\"http:\/\/www.undar.edu.pe\/wp-content\/uploads\/2022\/02\/direccion-de-responsabilidad-social-y-extension-cultural_web-1024x683.jpg 1024w, http:\/\/www.undar.edu.pe\/wp-content\/uploads\/2022\/02\/direccion-de-responsabilidad-social-y-extension-cultural_web-300x200.jpg 300w, http:\/\/www.undar.edu.pe\/wp-content\/uploads\/2022\/02\/direccion-de-responsabilidad-social-y-extension-cultural_web-768x513.jpg 768w, http:\/\/www.undar.edu.pe\/wp-content\/uploads\/2022\/02\/direccion-de-responsabilidad-social-y-extension-cultural_web-1536x1025.jpg 1536w, http:\/\/www.undar.edu.pe\/wp-content\/uploads\/2022\/02\/direccion-de-responsabilidad-social-y-extension-cultural_web-2048x1367.jpg 2048w\" sizes=\"(max-width: 800px) 100vw, 800px\" \/>\t\t\t\t\t\t\t\t\t\t\t\t\t<\/div>\n\t\t\t\t<\/div>\n\t\t\t\t<div class=\"elementor-element elementor-element-a6ebc6a elementor-widget elementor-widget-text-editor\" data-id=\"a6ebc6a\" data-element_type=\"widget\" data-widget_type=\"text-editor.default\">\n\t\t\t\t<div class=\"elementor-widget-container\">\n\t\t\t\t\t\t\t<p><em>J\u00f3venes uniendo manos para el trabajo en equipo.<\/em><\/p>\t\t\t\t\t\t<\/div>\n\t\t\t\t<\/div>\n\t\t\t\t\t<\/div>\n\t\t<\/div>\n\t\t\t\t\t<\/div>\n\t\t<\/section>\n\t\t\t\t<section class=\"elementor-section elementor-top-section elementor-element elementor-element-d7fc6ec elementor-section-boxed elementor-section-height-default elementor-section-height-default\" data-id=\"d7fc6ec\" data-element_type=\"section\">\n\t\t\t\t\t\t<div class=\"elementor-container elementor-column-gap-default\">\n\t\t\t\t\t<div class=\"elementor-column elementor-col-100 elementor-top-column elementor-element elementor-element-c25fe20\" data-id=\"c25fe20\" data-element_type=\"column\">\n\t\t\t<div class=\"elementor-widget-wrap elementor-element-populated\">\n\t\t\t\t\t\t<div class=\"elementor-element elementor-element-221bfe6 elementor-widget elementor-widget-text-editor\" data-id=\"221bfe6\" data-element_type=\"widget\" data-widget_type=\"text-editor.default\">\n\t\t\t\t<div class=\"elementor-widget-container\">\n\t\t\t\t\t\t\t<p><span style=\"color: #343434;\"><button id=\"listenButton1\" class=\"responsivevoice-button\" type=\"button\" value=\"Play\" title=\"ResponsiveVoice Tap to Start\/Stop Speech\"><span>&#128266; Listen to this<\/span><\/button>\n        <script>\n            listenButton1.onclick = function(){\n                if(responsiveVoice.isPlaying()){\n                    responsiveVoice.cancel();\n                }else{\n                    responsiveVoice.speak(\"DIRECCI\u00d3N DE RESPONSABILIDAD SOCIAL UNIVERSITARIA Y EXTENSI\u00d3N CULTURALDIRECCI\u00d3N DE RESPONSABILIDAD SOCIAL UNIVERSITARIA Y EXTENSI\u00d3N CULTURAL Diapositiva anterior Diapositiva siguiente Universidad Nacional Daniel Alom\u00eda Robles - Acad\u00e9mico - Direcci\u00f3n de Responsabilidad Social y Extensi\u00f3n Cultural - Inicio La\u00a0Direcci\u00f3n de Responsabilidad Social Universitaria\u00a0es un \u00f3rgano de l\u00ednea de la Undar dependiente del\u00a0Vicerrectorado Acad\u00e9mico, encargada de hacer funcionar la Responsabilidad Social Universitaria, que es la pol\u00edtica de gesti\u00f3n de la calidad \u00e9tica de la Universidad y busca alinear sus cuatro procesos\u00a0(gesti\u00f3n, formaci\u00f3n, investigaci\u00f3n y extensi\u00f3n)\u00a0con la misi\u00f3n universitaria, sus valores y compromiso social.OBJETIVOSLos objetivos de la\u00a0Direcci\u00f3n de Responsabilidad Social Universitaria\u00a0son los siguientes:Promover la \u00e9tica y buen gobierno institucional.Implementar una gesti\u00f3n social, ecoeficiente y medioambientalmente responsable.Incluir el enfoque de Responsabilidad Social Universitaria en el conjunto de la actividad acad\u00e9mica.Promover el enfoque de Responsabilidad Social Universitaria en las investigaciones.Desarrollar mecanismos de vinculaci\u00f3n eficaces de la universidad con m\u00faltiples actores sociales, impulsando una proyecci\u00f3n social y extensi\u00f3n universitaria sostenible en el campo del arte y la cultura.Los objetivos de la Responsabilidad Social Universitaria se materializan en la Formaci\u00f3n Profesional, en la Investigaci\u00f3n, en la Gesti\u00f3n Institucional y en la Proyecci\u00f3n Social y Extensi\u00f3n Universitaria, teniendo como marco de desarrollo y acci\u00f3n prioritaria nuestra regi\u00f3n.ENFOQUESLos enfoques de la Direcci\u00f3n de Responsabilidad Social Universitaria\u00a0son los siguientes:Gestri\u00f3n Institucional (\u00c9tica, gesti\u00f3n ecoeficiente y ambientalmente responsable y desarrollo personal y profesional).Formaci\u00f3n Profesional y Ciudadana.Investigaci\u00f3n.Participaci\u00f3n de la Universidad en la Sociedad (Ejes de Proyecci\u00f3n Social, Extensi\u00f3n Cultural, Gesti\u00f3n Ambiental y Servicio Social Universitario).Los resultados de la investigaci\u00f3n permitir\u00e1n desarrollar impactos en la sociedad a trav\u00e9s de un alto compromiso social y por descubrir y dar respuesta a los problemas sociales del pais. J\u00f3venes uniendo manos para el trabajo en equipo.\u00a0 Contacte con nosotros: L\u00cdNEA DE ATENCI\u00d3N (062) 283 402 ESCR\u00cdBENOS responsabilidadsocial@undar.edu.pe UB\u00cdCANOS Jr. Hermilio Valdiz\u00e1n # 134, Hu\u00e1nuco - Per\u00fa\", \"UK English Female\");\n                }\n            };\n        <\/script>\n    \u00a0<\/span><\/p>\t\t\t\t\t\t<\/div>\n\t\t\t\t<\/div>\n\t\t\t\t\t<\/div>\n\t\t<\/div>\n\t\t\t\t\t<\/div>\n\t\t<\/section>\n\t\t\t\t<section class=\"elementor-section elementor-top-section elementor-element elementor-element-60d574d9 elementor-section-boxed elementor-section-height-default elementor-section-height-default\" data-id=\"60d574d9\" data-element_type=\"section\" data-settings=\"{&quot;background_background&quot;:&quot;classic&quot;}\">\n\t\t\t\t\t\t<div class=\"elementor-container elementor-column-gap-default\">\n\t\t\t\t\t<div class=\"elementor-column elementor-col-100 elementor-top-column elementor-element elementor-element-3681fa00\" data-id=\"3681fa00\" data-element_type=\"column\">\n\t\t\t<div class=\"elementor-widget-wrap elementor-element-populated\">\n\t\t\t\t\t\t<section class=\"elementor-section elementor-inner-section elementor-element elementor-element-3855bf7b elementor-section-full_width elementor-section-height-default elementor-section-height-default\" data-id=\"3855bf7b\" data-element_type=\"section\">\n\t\t\t\t\t\t<div class=\"elementor-container elementor-column-gap-default\">\n\t\t\t\t\t<div class=\"elementor-column elementor-col-100 elementor-inner-column elementor-element elementor-element-1deb0d55\" data-id=\"1deb0d55\" data-element_type=\"column\">\n\t\t\t<div class=\"elementor-widget-wrap elementor-element-populated\">\n\t\t\t\t\t\t<div class=\"elementor-element elementor-element-4f94af2b elementor-widget elementor-widget-heading\" data-id=\"4f94af2b\" data-element_type=\"widget\" data-widget_type=\"heading.default\">\n\t\t\t\t<div class=\"elementor-widget-container\">\n\t\t\t<h2 class=\"elementor-heading-title elementor-size-default\">Contacte con nosotros:<\/h2>\t\t<\/div>\n\t\t\t\t<\/div>\n\t\t\t\t\t<\/div>\n\t\t<\/div>\n\t\t\t\t\t<\/div>\n\t\t<\/section>\n\t\t\t\t<section class=\"elementor-section elementor-inner-section elementor-element elementor-element-71a17e22 elementor-section-full_width elementor-section-height-default elementor-section-height-default\" data-id=\"71a17e22\" data-element_type=\"section\">\n\t\t\t\t\t\t<div class=\"elementor-container elementor-column-gap-default\">\n\t\t\t\t\t<div class=\"elementor-column elementor-col-33 elementor-inner-column elementor-element elementor-element-21101f61\" data-id=\"21101f61\" data-element_type=\"column\">\n\t\t\t<div class=\"elementor-widget-wrap elementor-element-populated\">\n\t\t\t\t\t\t<div class=\"elementor-element elementor-element-bc0f031 elementor-widget elementor-widget-heading\" data-id=\"bc0f031\" data-element_type=\"widget\" data-widget_type=\"heading.default\">\n\t\t\t\t<div class=\"elementor-widget-container\">\n\t\t\t<h2 class=\"elementor-heading-title elementor-size-default\">L\u00cdNEA DE ATENCI\u00d3N<\/h2>\t\t<\/div>\n\t\t\t\t<\/div>\n\t\t\t\t<div class=\"elementor-element elementor-element-1ed8c972 elementor-widget elementor-widget-heading\" data-id=\"1ed8c972\" data-element_type=\"widget\" data-widget_type=\"heading.default\">\n\t\t\t\t<div class=\"elementor-widget-container\">\n\t\t\t<h2 class=\"elementor-heading-title elementor-size-default\">(062) 283 402<\/h2>\t\t<\/div>\n\t\t\t\t<\/div>\n\t\t\t\t\t<\/div>\n\t\t<\/div>\n\t\t\t\t<div class=\"elementor-column elementor-col-33 elementor-inner-column elementor-element elementor-element-63257cc3\" data-id=\"63257cc3\" data-element_type=\"column\">\n\t\t\t<div class=\"elementor-widget-wrap elementor-element-populated\">\n\t\t\t\t\t\t<div class=\"elementor-element elementor-element-70f71d5d elementor-widget elementor-widget-heading\" data-id=\"70f71d5d\" data-element_type=\"widget\" data-widget_type=\"heading.default\">\n\t\t\t\t<div class=\"elementor-widget-container\">\n\t\t\t<h2 class=\"elementor-heading-title elementor-size-default\">ESCR\u00cdBENOS<\/h2>\t\t<\/div>\n\t\t\t\t<\/div>\n\t\t\t\t<div class=\"elementor-element elementor-element-16e70ce4 elementor-widget elementor-widget-heading\" data-id=\"16e70ce4\" data-element_type=\"widget\" data-widget_type=\"heading.default\">\n\t\t\t\t<div class=\"elementor-widget-container\">\n\t\t\t<h2 class=\"elementor-heading-title elementor-size-default\">responsabilidadsocial@undar.edu.pe<\/h2>\t\t<\/div>\n\t\t\t\t<\/div>\n\t\t\t\t\t<\/div>\n\t\t<\/div>\n\t\t\t\t<div class=\"elementor-column elementor-col-33 elementor-inner-column elementor-element elementor-element-1bc3f369\" data-id=\"1bc3f369\" data-element_type=\"column\">\n\t\t\t<div class=\"elementor-widget-wrap elementor-element-populated\">\n\t\t\t\t\t\t<div class=\"elementor-element elementor-element-5b420fcf elementor-widget elementor-widget-heading\" data-id=\"5b420fcf\" data-element_type=\"widget\" data-widget_type=\"heading.default\">\n\t\t\t\t<div class=\"elementor-widget-container\">\n\t\t\t<h2 class=\"elementor-heading-title elementor-size-default\">UB\u00cdCANOS<\/h2>\t\t<\/div>\n\t\t\t\t<\/div>\n\t\t\t\t<div class=\"elementor-element elementor-element-7b29d482 elementor-widget elementor-widget-heading\" data-id=\"7b29d482\" data-element_type=\"widget\" data-widget_type=\"heading.default\">\n\t\t\t\t<div class=\"elementor-widget-container\">\n\t\t\t<h2 class=\"elementor-heading-title elementor-size-default\">Jr. Hermilio Valdiz\u00e1n # 134, Hu\u00e1nuco - Per\u00fa<\/h2>\t\t<\/div>\n\t\t\t\t<\/div>\n\t\t\t\t\t<\/div>\n\t\t<\/div>\n\t\t\t\t\t<\/div>\n\t\t<\/section>\n\t\t\t\t\t<\/div>\n\t\t<\/div>\n\t\t\t\t\t<\/div>\n\t\t<\/section>\n\t\t\t\t<\/div>\n\t\t","protected":false},"excerpt":{"rendered":"<p>DIRECCI\u00d3N DE RESPONSABILIDAD SOCIAL UNIVERSITARIA Y EXTENSI\u00d3N CULTURALDIRECCI\u00d3N DE RESPONSABILIDAD SOCIAL UNIVERSITARIA Y EXTENSI\u00d3N CULTURAL Diapositiva anterior Diapositiva siguiente Universidad Nacional Daniel Alom\u00eda Robles &#8211; Acad\u00e9mico &#8211; Direcci\u00f3n de Responsabilidad Social y Extensi\u00f3n Cultural &#8211; Inicio La\u00a0Direcci\u00f3n de Responsabilidad Social Universitaria\u00a0es un \u00f3rgano de l\u00ednea de la Undar dependiente del\u00a0Vicerrectorado Acad\u00e9mico, encargada de hacer funcionar [&hellip;]<\/p>\n","protected":false},"author":1,"featured_media":0,"parent":0,"menu_order":0,"comment_status":"closed","ping_status":"closed","template":"","meta":{"_uf_show_specific_survey":0,"_uf_disable_surveys":false,"footnotes":""},"class_list":["post-2891","page","type-page","status-publish","hentry"],"aioseo_notices":[],"_links":{"self":[{"href":"http:\/\/www.undar.edu.pe\/index.php\/wp-json\/wp\/v2\/pages\/2891","targetHints":{"allow":["GET"]}}],"collection":[{"href":"http:\/\/www.undar.edu.pe\/index.php\/wp-json\/wp\/v2\/pages"}],"about":[{"href":"http:\/\/www.undar.edu.pe\/index.php\/wp-json\/wp\/v2\/types\/page"}],"author":[{"embeddable":true,"href":"http:\/\/www.undar.edu.pe\/index.php\/wp-json\/wp\/v2\/users\/1"}],"replies":[{"embeddable":true,"href":"http:\/\/www.undar.edu.pe\/index.php\/wp-json\/wp\/v2\/comments?post=2891"}],"version-history":[{"count":301,"href":"http:\/\/www.undar.edu.pe\/index.php\/wp-json\/wp\/v2\/pages\/2891\/revisions"}],"predecessor-version":[{"id":61742,"href":"http:\/\/www.undar.edu.pe\/index.php\/wp-json\/wp\/v2\/pages\/2891\/revisions\/61742"}],"wp:attachment":[{"href":"http:\/\/www.undar.edu.pe\/index.php\/wp-json\/wp\/v2\/media?parent=2891"}],"curies":[{"name":"wp","href":"https:\/\/api.w.org\/{rel}","templated":true}]}}